{"id":3373,"date":"2024-01-05T08:24:46","date_gmt":"2024-01-05T08:24:46","guid":{"rendered":"https:\/\/gru.db-text.at\/?page_id=3373"},"modified":"2024-11-19T16:06:29","modified_gmt":"2024-11-19T16:06:29","slug":"privacy-policy-2","status":"publish","type":"page","link":"https:\/\/gruber-fuerschuss.at\/?page_id=3373","title":{"rendered":"Datenschutz"},"content":{"rendered":"<section  class='av_textblock_section av-lqzdxscx-2296b31a5d6f422101e6111af79c7171 '   itemscope=\"itemscope\" itemtype=\"https:\/\/schema.org\/CreativeWork\" ><div class='avia_textblock'  itemprop=\"text\" ><p><main class=\"template-page content av-content-full alpha units\" role=\"main\"><\/p>\n<div class=\"post-entry post-entry-type-page post-entry-3373\">\n<div class=\"entry-content-wrapper clearfix\">\n<section class=\"av_textblock_section av-lqzdxscx-2296b31a5d6f422101e6111af79c7171 \">\n<div class=\"avia_textblock\">\n<p><strong>Datenschutzerkl\u00e4rung gem\u00e4\u00df Art 13 DSGVO<\/strong><\/p>\n<p>Der Schutz Ihrer Daten ist uns ein Anliegen. Wir verarbeiten Ihre Daten daher ausschlie\u00dflich auf Grundlage der gesetzlichen Bestimmungen (DSGVO, TKG). Nachfolgend informieren wir Sie \u00fcber die Verarbeitung Ihrer personenbezogenen Daten im Rahmen Ihres Besuches auf unserer Website.<\/p>\n<p>Die Verantwortliche f\u00fcr die Verarbeitung ist:<\/p>\n<p>Dr. Marlene Gruber-F\u00fcrschuss<br \/>\nRennbahnweg 27\/12\/3<br \/>\n1220 Wien<br \/>\nordination@gruber-f\u00fcrschuss.at<br \/>\nTelefon: +43 \/ (0)1 2598235<\/p>\n<p>Ein Datenschutzbeauftragter ist nicht bestellt.<\/p>\n<p><strong>Details zur Datenverarbeitung<\/strong><\/p>\n<p>Diese Website wird auf Servern von unserem Hosting-Partner All-Inkl gehostet. Beim Aufruf der Website erfasst All-Inkl Informationen, die der Browser an den Server von All-Inkl \u00fcbermittelt. Diese Informationen werden in Logfiles gespeichert, zur statistischen Auswertung verwendet und nach 7 Tagen  gel\u00f6scht.<br \/>\nIn diesen Logs werden folgende Angaben gespeichert:<br \/>\n&#8211; Zeitpunkt \/ Datum des Aufrufs<br \/>\n&#8211; Betriebssystem und Browser des betreffenden Clients<br \/>\n&#8211; die URL welche aufgerufen wird<br \/>\n&#8211; URL, von der aus Ihre Webseite aufgerufen wurde (Referer)<\/p>\n<p>Die IP-Adressen werden vollst\u00e4ndig anonymisiert, aus IP 11.22.33.44 wird 0.0.0.0<br \/>\nDar\u00fcber hinaus werden u.a. zur Erkennung und Abwehr von Cyberangriffen Zugriffe durch All-Inkl mit vollst\u00e4ndiger IP-Adresse administrativ geloggt. Auf diese Logs habe ich keinen Zugriff. Diese Daten werden nach sp\u00e4testens sieben Tagen wieder gel\u00f6scht.<\/p>\n<p><strong>Datenverwendung<br \/>\n<\/strong><\/p>\n<p>Die Daten werden zur Verwaltung dieser Website verwendet. Eine Weiterverwendung Ihrer personenbezogenen Daten f\u00fcr andere Zwecke findet nicht statt.<\/p>\n<p><strong>Rechtsgrundlage der Verarbeitung<\/strong><\/p>\n<p>Wir verarbeiten Ihre personenbezogenen Daten auf Grundlage unseres berechtigten Interesses (Art\u00a06\u00a0(1) f DSGVO). Diese Datenverarbeitung ist f\u00fcr die Verwaltung und die Aufrechterhaltung der generellen Funktionsf\u00e4higkeit einer Website erforderlich. Ohne die Verarbeitung dieser Daten w\u00e4re der Betrieb dieser Website daher nicht m\u00f6glich.<\/p>\n<p><strong>Wer empf\u00e4ngt die Daten<\/strong><\/p>\n<p>Daten zur Verwaltung der Website werden nur dann an Dritte \u00fcbermittelt, wenn ein Angriff oder ein illegaler Zugriff vermutet werden. In diesen F\u00e4llen werden die Daten zur Kl\u00e4rung des Vorfalls und zur Verfolgung von rechtswidrigem Verhalten an technische Fachleute und Sicherheitsbeh\u00f6rden weitergeleitet.<\/p>\n<p><strong>\u00dcbermittlung an Drittl\u00e4nder<\/strong><\/p>\n<p>Die Daten werden nicht in Drittl\u00e4nder oder internationale Organisationen \u00fcbermittelt.<\/p>\n<p><strong>Cookies<\/strong><\/p>\n<p>Unsere Website verwendet so genannte Cookies. Dabei handelt es sich um kleine Textdateien, die mit Hilfe des Browsers auf Ihrem Endger\u00e4t abgelegt werden. Sie richten keinen Schaden an.<\/p>\n<p>Wir nutzen Cookies dazu, unser Angebot nutzerfreundlich zu gestalten. Einige Cookies bleiben auf Ihrem Endger\u00e4t gespeichert, bis Sie diese l\u00f6schen. Sie erm\u00f6glichen es uns, Ihren Browser beim n\u00e4chsten Besuch wiederzuerkennen.<\/p>\n<p>Einiger dieser Cookies sind f\u00fcr den Betrieb der Webseite erforderlich. Wenn Sie nicht w\u00fcnschen, dass die notwendigen Cookies gespeichert werden, k\u00f6nnen Sie Ihren Browser so einrichten, dass er Sie \u00fcber das Setzen von Cookies informiert und Sie dies nur im Einzelfall erlauben.<\/p>\n<p>Rechtsgrundlage f\u00fcr die Nutzung erforderlicher Cookies ist Art 6 Abs 1 lit f (berechtigte Interessen) der DSGVO. Berechtigte Interessen im Sinne der DSGVO sind hierbei die ordnungsgem\u00e4\u00dfe und sichere Funktion der Webseite sowie die Optimierung unseres Angebotes.<\/p>\n<p><strong>Automatisierte Entscheidungsfindung<\/strong><\/p>\n<p>Es findet keine automatisierte Entscheidungsfindung statt.<br \/>\n<strong><br \/>\nRechte laut Datenschutzgrundverordnung<\/strong><\/p>\n<p>Ihnen stehen laut den Bestimmungen der DSGVO und des \u00f6sterreichischen Datenschutzgesetzes (DSG) grunds\u00e4tzlich folgende Rechte zu:<\/p>\n<ul>\n<li>Recht auf Auskunft (Art 15 DSGVO)<\/li>\n<li>Recht auf Berichtigung (Art 16 DSGVO)<\/li>\n<li>Recht auf L\u00f6schung (Art 17 DSGVO)<\/li>\n<li>Recht auf Einschr\u00e4nkung der Verarbeitung (Art 18 DSGVO)<\/li>\n<li>Widerspruchsrecht (Art 21 DSGVO)<\/li>\n<\/ul>\n<p>Wenn Sie einen Antrag zur Geltendmachung Ihrer Rechte an uns richten, verlangen wir in Zweifelsf\u00e4llen einen Identit\u00e4tsnachweis, um sicherzustellen, dass wir Ihre Daten nicht an unberechtigte Dritte weitergeben.<\/p>\n<p><strong>Datenschutzbeh\u00f6rde<\/strong><\/p>\n<p>Wenn Sie glauben, dass die Verarbeitung Ihrer Daten gegen das Datenschutzrecht verst\u00f6\u00dft oder Ihre datenschutzrechtlichen Anspr\u00fcche sonst in einer Weise verletzt worden sind, k\u00f6nnen Sie sich an die \u00a0Datenschutzbeh\u00f6rde (<a href=\"https:\/\/www.dsb.gv.at\">www.dsb.gv.at<\/a>) wenden.<\/p>\n<p>Diese Datenschutzerkl\u00e4rung gilt ausschlie\u00dflich f\u00fcr Datenverarbeitungen im Zusammenhang mit Ihrem Besuch unserer Website und betrifft nicht die Datenverarbeitung unserer medizinischen und therapeutischen Leistungen.<\/p>\n<p><strong>CMS<\/strong><\/p>\n<p>Als Content Management System wird WordPress verwendet.<\/p>\n<p>Fotos, Konzept und Umsetzung der Website: db Text &amp; Konzept e.U., <a href=\"https:\/\/www.db-text.at\">www.db-text.at<\/a><\/div>\n<\/section>\n<\/div>\n<\/div>\n<p><\/main><\/p>\n<\/div><\/section>\n","protected":false},"excerpt":{"rendered":"","protected":false},"author":1,"featured_media":0,"parent":0,"menu_order":0,"comment_status":"closed","ping_status":"open","template":"","meta":{"footnotes":""},"class_list":["post-3373","page","type-page","status-publish","hentry"],"_links":{"self":[{"href":"https:\/\/gruber-fuerschuss.at\/index.php?rest_route=\/wp\/v2\/pages\/3373","targetHints":{"allow":["GET"]}}],"collection":[{"href":"https:\/\/gruber-fuerschuss.at\/index.php?rest_route=\/wp\/v2\/pages"}],"about":[{"href":"https:\/\/gruber-fuerschuss.at\/index.php?rest_route=\/wp\/v2\/types\/page"}],"author":[{"embeddable":true,"href":"https:\/\/gruber-fuerschuss.at\/index.php?rest_route=\/wp\/v2\/users\/1"}],"replies":[{"embeddable":true,"href":"https:\/\/gruber-fuerschuss.at\/index.php?rest_route=%2Fwp%2Fv2%2Fcomments&post=3373"}],"version-history":[{"count":8,"href":"https:\/\/gruber-fuerschuss.at\/index.php?rest_route=\/wp\/v2\/pages\/3373\/revisions"}],"predecessor-version":[{"id":3478,"href":"https:\/\/gruber-fuerschuss.at\/index.php?rest_route=\/wp\/v2\/pages\/3373\/revisions\/3478"}],"wp:attachment":[{"href":"https:\/\/gruber-fuerschuss.at\/index.php?rest_route=%2Fwp%2Fv2%2Fmedia&parent=3373"}],"curies":[{"name":"wp","href":"https:\/\/api.w.org\/{rel}","templated":true}]}}